503).
0
Let x(m) = -4*m**3 - 384*m**2 - 386*m - 230. Give x(-95).
340
Let z(g) = 4*g**3 - 16*g**2 - 3*g - 10. Calculate z(3).
-55
Let m(v) = -1645*v + 31279. What is m(19)?
24
Let h(l) = -8*l**3 - 43*l**2 - 337*l - 1596. Calculate h(-5).
14
Let u(d) = -178*d + 4521. What is u(25)?
71
Let c(q) = 563*q - 17959. What is c(36)?
2309
Let g(f) = f**2 - 74*f + 292. What is g(5)?
-53
Let u(d) = d**3 - 14*d**2 + 1628*d - 17554. Give u(11).
-9
Let t(i) = -609*i + 7862. Calculate t(14).
-664
Let c(d) = d**3 + 5*d**2 + 15*d + 135. Calculate c(-12).
-1053
Let h(a) = -3*a**3 - 74*a**2 - 21*a + 2152. Determine h(-23).
-10
Let h(f) = -f**2 - 13016*f - 480209. Calculate h(-37).
14
Let a(s) = -s**3 - 291*s**2 - 20521*s - 29. Determine a(-120).
91
Let i(j) = j**3 - 534*j**2 - 14571*j - 340. What is i(-26)?
-54
Let v(m) = -m**3 + 343*m**2 - 333*m - 3158. Calculate v(342).
-80
Let h(f) = 424712*f - 5521247. Determine h(13).
9
Let x(d) = -d**3 + 32*d**2 + 4807*d - 146058. Calculate x(30).
-48
Let v(a) = 2*a**3 + 137*a**2 + 2241*a - 755. Give v(-28).
1
Let s(i) = -12*i**3 + 1235*i**2 - 1497*i + 164804. Calculate s(103).
4
Let z(b) = 2*b**2 - 427*b - 75127. Give z(328).
-15
Let d(a) = -4*a**3 + 382*a**2 - 2288*a - 13. Calculate d(6).
-853
Let d(v) = 74143*v - 1408639. Give d(19).
78
Let d(m) = -m**3 + 15*m**2 - 3175*m + 34446. Give d(11).
5
Let i(f) = 6441*f + 77458. What is i(-12)?
166
Let u(n) = -n**3 - 42*n**2 - 59*n - 2348. What is u(-43)?
2038
Let s(n) = -27*n**3 - 3511*n**2 - 111*n + 2472. Determine s(-130).
2
Let t(z) = -2*z**3 - 15*z**2 + 321*z + 59. What is t(10)?
-231
Let u(s) = -54*s + 9118. Determine u(187).
-980
Let f(s) = -20*s**2 - 176*s - 288. Calculate f(-7).
-36
Let r(p) = -753*p - 21887. What is r(-29)?
-50
Let w(v) = -370812*v + 370809. Determine w(1).
-3
Let k(l) = -2307*l + 246855. What is k(107)?
6
Let x(n) = 11*n**2 - 99*n - 997. What is x(-6)?
-7
Let y(p) = -4521*p - 90495. Give y(-20).
-75
Let t(j) = -6175*j + 24634. Determine t(4).
-66
Let h(t) = 330*t - 51848. Give h(166).
2932
Let c(z) = -1306*z - 19494. Calculate c(-15).
96
Let d(r) = 208*r**2 - 417*r - 416. Give d(-1).
209
Let m(n) = -64434*n + 1933020. Determine m(30).
0
Let f(j) = -1464*j + 108360. Calculate f(74).
24
Let t(x) = -x**3 - 12*x**2 - 24976*x - 299718. Give t(-12).
-6
Let n(u) = 2170*u - 76096. What is n(35)?
-146
Let s(l) = -5*l**3 + 15*l**2 + 663*l - 172. Calculate s(13).
-3
Let s(v) = -3*v**3 - 401*v**2 - 892*v - 30624. What is s(-132)?
0
Let o(j) = -169*j**3 - 2*j**2 + 478*j + 957. Calculate o(-2).
1345
Let k(l) = -4*l**3 - 13*l**2 + 78*l + 999. Determine k(-8).
1591
Let k(a) = 2*a**2 - 7233*a - 21715. Calculate k(-3).
2
Let i(h) = -2*h**3 - 178*h**2 - 680*h - 281. Determine i(-85).
-281
Let a(f) = -278899*f - 836675. Give a(-3).
22
Let p(l) = l**3 - 1161*l**2 + 14918*l - 18684953. Determine p(1162).
7
Let o(p) = 137005*p + 41512521. What is o(-303)?
6
Let u(k) = -2*k**3 + 70*k**2 + 467*k + 907. Give u(41).
-118
Let n(s) = 2*s**3 + 38*s**2 - 749*s + 22. Determine n(12).
-38
Let x(f) = -2368*f + 21416. Determine x(9).
104
Let u(b) = b**2 - 42425*b + 254550. Determine u(6).
36
Let g(d) = d**3 + 59*d**2 - 1479*d + 4. Determine g(19).
61
Let n(s) = 4*s**2 - 431*s + 1038. Calculate n(107).
717
Let q(l) = 4*l**2 + 343*l - 5076. Determine q(13).
59
Let b(w) = -736635*w + 736634. Give b(1).
-1
Let f(q) = 39553*q - 197902. Give f(5).
-137
Let d(a) = -a**3 - 210*a**2 + 856*a - 208. Determine d(-214).
-208
Let c(x) = -160*x - 29090. What is c(-190)?
1310
Let t(g) = -2*g**3 - 266*g**2 - 343*g - 10532. What is t(-132)?
-104
Let j(u) = -7*u**3 - 321*u**2 + 3463*u - 37. What is j(9)?
26
Let o(d) = 3*d**3 - 58*d**2 - 633*d + 7184. Give o(24).
56
Let b(d) = -321*d + 43686. Give b(136).
30
Let q(g) = -3*g**3 - 6*g**2 + 36*g - 17. Calculate q(-5).
28
Let m(z) = -3*z**2 + 8421*z - 183804. Calculate m(22).
6
Let h(v) = -363*v**2 + 4036*v - 76. What is h(11)?
397
Let x(u) = 1400*u + 9817. Determine x(-7).
17
Let d(n) = 114*n + 9015. Give d(-78).
123
Let n(q) = -17*q**2 + 2386*q - 9488. Determine n(4).
-216
Let w(t) = -2*t**2 + 15965*t - 15974. Determine w(1).
-11
Let q(z) = -z**3 - 760*z**2 + 913*z + 115649. Give q(-761).
-23
Let g(v) = 351836*v - 7388579. Determine g(21).
-23
Let r(m) = 20*m**2 - 1000*m + 910. Determine r(49).
-70
Let s(g) = -4*g**3 + 177*g**2 - 637*g - 11. What is s(4)?
17
Let v(o) = 2*o**2 - 1518*o + 165485. Calculate v(132).
-43
Let f(m) = -1071*m + 942. What is f(1)?
-129
Let n(w) = -45*w - 656. Give n(-12).
-116
Let d(x) = -267*x**2 + 3721*x + 133. Give d(14).
-105
Let k(g) = 16*g**2 - 120*g - 883. What is k(-5)?
117
Let r(q) = -11*q**2 - 350*q - 1634. Give r(-5).
-159
Let g(a) = 3821*a + 214004. What is g(-56)?
28
Let t(b) = b**2 + 332*b + 2923. What is t(-323)?
16
Let l(a) = 6*a**2 + 12*a - 369. What is l(16)?
1359
Let v(o) = -o**3 - 3*o**2 + 1151*o + 13571. Give v(-27).
-10
Let f(a) = 2*a**3 - 38*a**2 - 164*a - 8. Calculate f(-4).
-88
Let d(q) = -q**3 - 21*q**2 + 19*q + 47. What is d(-22)?
113
Let t(k) = -9*k**2 + 596*k - 7378. What is t(17)?
153
Let s(g) = -7*g**2 - 593*g - 2918. Determine s(-76).
1718
Let a(h) = -5304*h - 10616. What is a(-2)?
-8
Let t(s) = 3551*s + 284051. Calculate t(-80).
-29
Let l(g) = -193*g**2 + 9815*g - 8261. Give l(50).
-11
Let y(z) = 2*z**3 - 626*z**2 + 29971*z + 300. What is y(254)?
46
Let x(i) = -49*i + 9171. Give x(187).
8
Let m(h) = -2*h**3 + 139*h**2 - 2275*h + 126. What is m(28)?
1498
Let p(i) = 4523080*i + 9046165. Determine p(-2).
5
Let j(r) = 1010*r - 42173. Give j(42).
247
Let l(q) = q**2 - 1937*q + 110789. Give l(59).
-13
Let k(z) = z**3 - 44*z**2 - 710*z - 458. What is k(-12)?
-2
Let w(p) = 4*p**2 - 7886*p + 1744968. Determine w(254).
-12
Let r(z) = -163*z - 18650. Calculate r(-113).
-231
Let v(q) = -38*q**2 - 4103*q - 59. What is v(-108)?
-167
Let t(m) = -m**3 - 45*m**2 + 342*m + 22271. Determine t(-39).
-193
Let r(l) = -2*l**3 - 5*l**2 + 21523*l + 86112. Calculate r(-4).
68
Let w(k) = 7881*k + 39455. Calculate w(-5).
50
Let v(a) = -a**3 - 271*a**2 - 13385*a + 1029. Give v(-206).
-1
Let o(a) = 89*a**2 + 325*a - 1598. What is o(5)?
2252
Let l(g) = -18*g**3 + 6*g**2 + 244*g - 737. Determine l(3).
-437
Let v(x) = -5*x**2 - 203*x - 1925. Give v(-11).
-297
Let w(d) = 182*d - 7229. Calculate w(40).
51
Let l(y) = 7*y**2 + 18*y + 41. Determine l(-2).
33
Let g(q) = -514*q**3 + 4*q**2 - 90*q - 94. Determine g(-1).
514
Let z(o) = -33504*o + 536069. Calculate z(16).
5
Let i(w) = 65*w**3 - 5656*w**2 + 84*w + 253. What is i(87)?
-8
Let l(r) = -5*r**3 + 1566*r**2 + 1036*r + 69127. Determine l(314).
47
Let g(n) = 1241*n + 492665. Determine g(-397).
-12
Let o(k) = 2*k**3 - 76*k**2 + 201*k - 331. Calculate o(35).
-646
Let n(j) = 6*j**2 + 77*j - 6. Give n(-13).
7
Let t(y) = y**3 - 12*y**2 + 4*y - 157. What is t(18)?
1859
Let v(k) = 121*k - 599. Calculate v(5).
6
Let h(d) = -21060*d**2 + 1010882*d - 103. Calculate h(48).
-7
Let d(x) = x**3 + 36*x**2 + 298*x + 975. Calculate d(-10).
595
Let m(n) = 267*n**2 - 12279*n - 199. What is m(46)?
-61
Let y(i) = -47*i**2 + 926*i + 13. Give y(7).
4192
Let r(t) = t**3 + 5*t**2 - 45*t - 271. Determine r(-6).
-37
Let k(y) = 192*y**2 - 18229*y - 1084. Determine k(95).
-39
Let w(y) = 13*y**2 + 70*y - 131. What is w(11)?
2212
Let o(f) = 654*f**2 - 35299*f - 885. Give o(54).
33
Let x(l) = 2*l**3 - 3*l**2 + 69*l + 299. What is x(-12)?
-4417
Let v(l) = 2*l**3 - 50*l**2 - 109*l + 4616. Calculate v(23).
-7
Let m(w) = w**2 + 19577*w - 1770025. Give m(90).
5
Let m(h) = -16*h**3 + 8*h**2 + 8*h - 18. Calculate m(-4).
1102
Let z(a) = 18884*a + 357904. Calculate z(-19).
-892
Let h(l) = -2*l**2 - 100*l - 1675. Calculate h(-29).
-457
Let s(b) = -9873*b + 9937. Give s(1).
64
Let d(c) = -5*c**3 + 815*c**2 + 1403*c - 228712. What is d(163)?
-23
Let c(z) = -z**2 + 492*z + 30651. What is c(548)?
-37
Let p(o) = -5*o**3 - 190*o**2 - 2522*o - 95828. Calculate p(-38).
8
Let p(i) = 1034*i**2 + 29982*i - 165. What is p(-29)?
-49
Let y(b) = -b**3 + 417*b**2 + 23359*b - 4192. What is y(467)?
11
Let p(f) = -46847*f + 187301. What is p(4)?
-87
Let b(j) = 43*j**2 - 716*j - 2146. Give b(-3).
389
Let z(a) = a**3 - 15*a**2 + 108*a - 1554. Give z(15).
66
Let p(r) = 41*r**2 + 3946*r + 266. What is p(-96)?
-694
Let b(p) = 24*p**2 + 4349*p - 